hat is -1 - -134124?
134123
In base 15, what is 3c0 + 7b2?
b82
In base 7, what is 5 + 5261?
5266
In base 13, what is -2bc2 + 11?
-2bb1
In base 6, what is 102544 + -102?
102442
In base 11, what is -29 + 5311?
5293
In base 15, what is 2 + -1435?
-1433
In base 8, what is -1241244 + 5?
-1241237
In base 7, what is -1052 - -456?
-263
In base 10, what is 0 - -11413?
11413
In base 6, what is -243343 - -5?
-243334
In base 4, what is 1111130 - -20?
1111210
In base 14, what is 9811 + -2?
980d
In base 7, what is 12 + -4426031?
-4426016
In base 4, what is 131 + 222320?
223111
In base 14, what is -17 - -26a2?
2689
In base 6, what is 1 - 1205301?
-1205300
In base 14, what is 20782 - 3?
2077d
In base 7, what is 144 + -5606?
-5432
In base 6, what is -2 - 41012?
-41014
In base 13, what is -3 - 22b4cc?
-22b502
In base 2, what is 10100111001 + -10000?
10100101001
In base 3, what is -110101111200 + 10?
-110101111120
In base 12, what is 2a313 + 3?
2a316
In base 3, what is 1012010022 - 20?
1012010002
In base 3, what is 111 + -221000222?
-221000111
In base 4, what is 12 - -11101121?
11101133
In base 4, what is -1 - -12313222?
12313221
In base 8, what is -1 - 2046071?
-2046072
In base 14, what is 1 + -5742?
-5741
In base 16, what is 1a6f - 4?
1a6b
In base 3, what is -112210001 - 1010?
-112211011
In base 9, what is -3572772 + -1?
-3572773
In base 9, what is 530 - 77?
442
In base 4, what is -10002001110 + -10?
-10002001120
In base 8, what is 77 + 6036?
6135
In base 15, what is -5d029e + 2?
-5d029c
In base 11, what is -5 - 1a214?
-1a219
In base 9, what is -5 - 75437?
-75443
In base 11, what is 310aa - -2?
31101
In base 9, what is -72 + -8282?
-8364
In base 10, what is -12148 + 12?
-12136
In base 12, what is 4 - 199454?
-199450
In base 15, what is -b - -60a?
5ee
In base 11, what is 1455 - -1?
1456
In base 3, what is 111000 + 200021010?
200202010
In base 8, what is -5 + 31770?
31763
In base 12, what is 688 - -2?
68a
In base 16, what is 0 - -3060b?
3060b
In base 2, what is 11 - 1011111110101101011?
-1011111110101101000
In base 3, what is 1120 + 11010100011?
11010101201
In base 10, what is 13 + -6532?
-6519
In base 15, what is 1a36e8 + 3?
1a36eb
In base 6, what is -3 - -25513?
25510
In base 9, what is 136588 + -1?
136587
In base 10, what is -1667 - -312?
-1355
In base 6, what is -42 + 13211?
13125
In base 14, what is -76 + -4cc?
-564
In base 8, what is 64 + 35125?
35211
In base 10, what is -17 + -1930?
-1947
In base 4, what is 3 + -10133002?
-10132333
In base 3, what is -11 + 1102010200?
1102010112
In base 16, what is -d3 - 111?
-1e4
In base 6, what is 1 - -54213?
54214
In base 6, what is 1045 + -1002?
43
In base 5, what is -2 - -4311444?
4311442
In base 14, what is 2641c - -10?
2642c
In base 15, what is -3e8 + 2?
-3e6
In base 8, what is -4136 - 41?
-4177
In base 10, what is 20 + -909?
-889
In base 6, what is 121 - 35035?
-34514
In base 10, what is -1402 - 9?
-1411
In base 16, what is 2e - 2f5?
-2c7
In base 8, what is -50 + -127554?
-127624
In base 12, what is -5 - -105413?
10540a
In base 3, what is 11 + 21002102?
21002120
In base 9, what is 0 + 62418?
62418
In base 15, what is -1d5 + -1a?
-200
In base 8, what is 46333 - -6?
46341
In base 5, what is -211231 - -10?
-211221
In base 15, what is -1847 + 33?
-1814
In base 9, what is 52607 - -50?
52657
In base 7, what is 262254 - -15?
262302
In base 16, what is -40 + d92?
d52
In base 13, what is -2 - 15b709?
-15b70b
In base 14, what is 3 + 10462a?
10462d
In base 4, what is 20 + 11123?
11203
In base 8, what is -2 - 22062?
-22064
In base 5, what is -3034 + 22334?
14300
In base 16, what is 24 - -114d?
1171
In base 7, what is 11025 - -3?
11031
In base 11, what is -569422 + -3?
-569425
In base 4, what is -2 - 20332333?
-20333001
In base 7, what is -5 + -622131?
-622136
In base 9, what is -15 + -44560?
-44575
In base 6, what is -15 + 2403?
2344
In base 11, what is 0 - -13387?
13387
In base 4, what is 11 + 1100222?
1100233
In base 6, what is -3 + 53321?
53314
In base 4, what is -3 - 120111221?
-120111230
In base 3, what is -2000 - -2110112?
2101112
In base 10, what is -681 + 47?
-634
In base 2, what is -1011011110000 + 10?
-1011011101110
In base 2, what is 1000110001110 + -110101?
1000101011001
In base 7, what is -4 - -2002232?
2002225
In base 11, what is -54818 + 50?
-54778
In base 11, what is a10 - 289?
732
In base 3, what is 1112010 - 121200?
220110
In base 16, what is -f7 + 40c?
315
In base 2, what is 110100111000111 + -1010110?
110100101110001
In base 10, what is 2 - -11169?
11171
In base 11, what is -449a7 - -18?
-4498a
In base 4, what is -2033 - -1210?
-223
In base 8, what is -265777 + 3?
-265774
In base 12, what is -1025b6 - -5?
-1025b1
In base 14, what is -2a - 1c8?
-214
In base 13, what is 9131 - 17?
9117
In base 14, what is -6c06 + -5?
-6c0b
In base 13, what is 11c + 18a?
2a9
In base 15, what is 4 + -2a508?
-2a504
In base 15, what is -b5a95 + 2?
-b5a93
In base 12, what is -64062 - -12?
-64050
In base 6, what is -2402 - 1333?
-4135
In base 13, what is -51b + -245?
-763
In base 13, what is 0 - 5717b?
-5717b
In base 3, what is 11112202 - 102?
11112100
In base 7, what is 2 - 251230?
-251225
In base 13, what is 0 - 888?
-888
In base 3, what is -111201201011210 - -12?
-111201201011121
In base 11, what is -13441a3 + 5?
-1344199
In base 10, what is 100135 + 18?
100153
In base 16, what is -1edcd - -4?
-1edc9
In base 6, what is -4 + -35230101?
-35230105
In base 6, what is -2 + 14501?
14455
In base 9, what is -718 + 320?
-388
In base 14, what is 1056 + -29?
102b
In base 8, what is 675 - -5332?
6227
In base 6, what is 5 - -10130?
10135
In base 7, what is -445115 - 5?
-445123
In base 5, what is -34222 + 114?
-34103
In base 10, what is 40475 - -5?
40480
In base 14, what is 97ab4 - 3?
97ab1
In base 5, what is 2123024031 + -3?
2123024023
In base 3, what is 212021201101 - 2?
212021201022
In base 15, what is 4 + -aa3?
-a9e
In base 6, what is -20025 - -12?
-20013
In base 14, what is -76dd + 7?
-76d6
In base 11, what is 7 - -65069?
65075
In base 7, what is 4552043 + -3?
4552040
In base 9, what is 4327451 + 2?
4327453
In base 16, what is -a3fc + -2?
-a3fe
In base 8, what is 345 + 4771?
5336
In base 14, what is -369 - -22?
-347
In base 2, what is -1010100001111 + 1110111?
-1010010011000
In base 14, what is 5 + -754?
-74d
In base 10, what is -54 - 155177?
-155231
In base 16, what is -907 - -a5?
-862
In base 5, what is 10011 - 314?
4142
In base 10, what is 40 + -6645?
-6605
In base 2, what is -101111101001 + 10011001?
-101101010000
In base 15, what is -146 + 37?
-10e
In base 12, what is 129 + -71?
78
In base 8, what is -1 + 3027?
3026
In base 8, what is 440 - 3261?
-2621
In base 11, what is 8 + -23243?
-23236
In base 14, what is 0 + 134b65?
134b65
In base 10, what is -486 - 68?
-554
In base 6, what is -5 - -114?
105
In base 3, what is -2 + 2000222020?
2000222011
In base 7, what is 1401315 + 2?
1401320
In base 16, what is 8 - -1097?
109f
In base 13, what is -b997 - 0?
-b997
In base 2, what is -1111010 - 1101000?
-11100010
In base 9, what is 2 - 12081?
-12078
In base 16, what is -82f - -29?
-806
In base 9, what is 12868 + 5?
12874
In base 7, what is 1440 + -211?
1226
In base 2, what is -11010101 - 11100?
-11110001
In base 5, what is -110 + 20443?
20333
In base 13, what is 72 + 5208?
527a
In base 8, what is 10 + 2441?
2451
In base 7, what is -13 + 1400555?
1400542
In base 9, what is 4 + 2835?
2840
In base 13, what is 38c + -b0?
2ac
In base 9, what is -344 + -278?
-633
In base 3, what is 11012002 - 100?
11011202
In base 13, what is -1a42 + -2b?
-1a70
In base 6, what is -2 + -404051?
-404053
In base 16, what is -1362 + -1a?
-137c
In base 6, what is -13222 + -532?
-14154
In base 12, what is 346 - 1a?
328
In base 12, what is 6a54 - 5?
6a4b
In base 12, what is 1b5 + 335?
52a
In base 10, what is 1 + 372794?
372795
In base 11, what is -6 - -a257?
a251
In base 5, what is 10032 + 240?
10322
In base 3, what is -22201000101 - 102?
-22201000210
In base 14, what is -5a - 307?
-363
In base 9, what is 7051 + 50?
7111
In base 10, what is 1596 + -5?
1591
In base 7, what is 12 + 4420?
4432
In base 7, what is 1 - 10250?
-10246
In base 11, what is -5 + -40a03?
-40a08
In base 12, what is -60 + 2a40?
29a0
In base 7, what is -60350005 - -3?
-60350002
In base 10, what is 